{"id":1095,"date":"2021-08-03T13:55:50","date_gmt":"2021-08-03T11:55:50","guid":{"rendered":"http:\/\/www.gopsolesno.pl\/?page_id=1095"},"modified":"2021-08-03T13:58:19","modified_gmt":"2021-08-03T11:58:19","slug":"klauzula-informacyjna-rodo","status":"publish","type":"page","link":"http:\/\/www.gopsolesno.pl\/?page_id=1095","title":{"rendered":"Klauzula informacyjna RODO"},"content":{"rendered":"\n<p><\/p>\n\n\n\n<p>\nRealizuj\u0105c\nobowi\u0105zek informacyjny zgodnie z <strong>Art.\n13 i Art. 14<\/strong>\nRozporz\u0105dzeniem Parlamentu Europejskiego i Rady (UE) 2016\/679 z dnia\n27 kwietnia 2016 r. w sprawie ochrony os\u00f3b fizycznych w zwi\u0105zku z\nprzetwarzaniem danych osobowych i w sprawie swobodnego przep\u0142ywu\ntakich danych oraz uchylenia dyrektywy 95\/46\/WE (og\u00f3lne\nrozporz\u0105dzenie  o ochronie danych), zwanym dalej \u201eRODO\u201d,\ninformujemy, \u017ce:<\/p>\n\n\n\n<ol class=\"wp-block-list\"><li>\n\t<strong>Administrator\n\tdanych osobowych<\/strong>\n<\/li><\/ol>\n\n\n\n<p>\nAdministratorem\nPa\u0144stwa danych osobowych jest Gminny O\u015brodek Pomocy Spo\u0142ecznej w\nOle\u015bnie  , adres: <br>\nUl.\nD\u0142uga 18, 33-210 Olesno,\nNIP 8711543532, e-mail: aczupryna@gopsolesno.pl, telefon: 14 6411082\n(zwane dalej \u201dGOPS\u201d).<\/p>\n\n\n\n<p>W\nsprawie przetwarzania danych osobowych mo\u017cna skontaktowa\u0107 si\u0119 z\nnami poprzezadres\ne-mail: iod@gopsolesno.pl lub wysy\u0142aj\u0105c pismo na adres naszej\nsiedziby.<\/p>\n\n\n\n<ol class=\"wp-block-list\"><li>\n\t<strong>Cele,\n\tpodstawy prawne przetwarzania oraz okres przechowywania<\/strong>\n<\/li><\/ol>\n\n\n\n<p>2.1.\nDane osobowe przetwarzamy <strong>w\ncelu wype\u0142niania naszych zada\u0144 statutowych oraz ci\u0105\u017c\u0105cych na nas\nobowi\u0105zk\u00f3w prawnych <\/strong>wynikaj\u0105cych\nz odpowiednich ustaw w oparciu o nast\u0119puj\u0105ce podstawy prawne z\nRODO: \n<\/p>\n\n\n\n<p><strong>Art.\n6 ust. 1 lit. c ), lit. e) <\/strong>oraz<strong>\nArt. 9 ust. 2 lit. b)<\/strong>\n  \n<\/p>\n\n\n\n<p>W\nzale\u017cno\u015bci od rodzaju pomocy dane osobowe przetwarzamy lub mo\u017cemy\nprzetwarza\u0107 na podstawie odpowiednich ustaw tj:<\/p>\n\n\n\n<ol class=\"wp-block-list\"><li>\n\t<strong>Je\u017celi\n\tkorzysta Pani\/Pan ze <\/strong><strong>\u015bwiadczenia\n\twychowawczego<\/strong><strong>\n\tlub ubiega si\u0119 o to \u015bwiadczenie<\/strong>,to\n\tdane s\u0105 przetwarzane w oparciu oUstaw\u0119\n\tz dnia 11 lutego 2016 r. o pomocy pa\u0144stwa w wychowywaniu dzieci;\n<\/li><\/ol>\n\n\n\n<ol class=\"wp-block-list\"><li>\n\t<strong>Je\u017celi\n\tkorzysta Pani\/Pan ze <\/strong><strong>\u015bwiadczenia\n\tz pomocy spo\u0142ecznej<\/strong><strong>\n\tlub ubiega si\u0119 o to \u015bwiadczenie, <\/strong>to\n\tdane s\u0105 przetwarzane w oparciu oUstaw\u0119\n\tz dnia 12 marca 2004 r. o pomocy spo\u0142ecznej;\n<\/li><\/ol>\n\n\n\n<ol class=\"wp-block-list\"><li>\n\t<strong>Je\u017celi\n\tkorzysta Pani\/Pan ze <\/strong><strong>\u015bwiadczenia\n\trodzinnego<\/strong><strong>\n\tlub ubiega si\u0119 o to \u015bwiadczenie<\/strong>,\n\tto dane s\u0105 przetwarzane w oparciu oUstaw\u0119\n\tz dnia 28 listopada 2003 r. o \u015bwiadczeniach rodzinnych;<br>\n<br>\n\n\t\n<\/li><\/ol>\n\n\n\n<ol class=\"wp-block-list\"><li>\n\t<strong>Je\u017celi\n\tkorzysta Pani\/Pan ze <\/strong><strong>\u015bwiadczenia\n\tz funduszu alimentacyjnego<\/strong><strong>\n\tlub ubiega si\u0119 o to \u015bwiadczenie<\/strong>,to\n\tdane s\u0105 przetwarzane w oparciu oUstaw\u0119\n\tz dnia 7 wrze\u015bnia 2007 r. o pomocy osobom uprawnionym do aliment\u00f3w.\n<\/li><\/ol>\n\n\n\n<ol class=\"wp-block-list\"><li>\n\t<strong>Je\u017celi\n\tkorzysta Pani\/Pan z Karty Du\u017cej Rodziny lub ubiega si\u0119 o ni\u0105 <\/strong>to\n\tdane s\u0105 przetwarzane w oparciu oUstaw\u0119\n\tz dnia 5 grudnia 2014r. o Karcie Du\u017cej Rodziny\n<\/li><\/ol>\n\n\n\n<ol class=\"wp-block-list\"><li>\n\t<strong>Je\u017celi\n\tkorzysta Pani\/Pan ze <\/strong><strong>\u015bwiadczenia\n\t\u201eZa \u017cyciem\u201d<\/strong><strong>\n\tlub ubiega si\u0119 o to \u015bwiadczenie<\/strong>,to\n\tdane s\u0105 przetwarzane w oparciu oUstaw\u0119\n\tz dnia 4 listopada 2016r. o wsparciu kobiet w ci\u0105\u017cy i rodzin \u201eZa\n\t\u017cyciem\u201d\n<\/li><\/ol>\n\n\n\n<ol class=\"wp-block-list\"><li>\n\t<strong>Je\u017celi\n\tkorzysta Pani\/Pan ze <\/strong><strong>\u015bwiadczenia\n\t\u201ePosi\u0142ek w szkole i w domu\u201d <\/strong><strong>\n\tlub ubiega si\u0119 o to \u015bwiadczenie<\/strong>,to\n\tdane s\u0105 przetwarzane w oparciu oUchwa\u0142\u0119\n\tRady Ministr\u00f3w Nr 140 z dnia 15 pa\u017adziernika 2018r. w sprawie\n\tustanowienia wieloletniego rz\u0105dowego programu \u201ePosi\u0142ek w szkole\n\ti w domu\u201d na lata 2019-2023.\n<\/li><\/ol>\n\n\n\n<ol class=\"wp-block-list\"><li>\n\t<strong>Je\u017celi\n\tmia\u0142\/a Pani\/Pan <\/strong>,\n\twdro\u017con\u0105 procedur\u0119 Niebieskiej Kartyto\n\tdane s\u0105 przetwarzane w oparciu oUstaw\u0119\n\tz dnia 29 lipca 2005r. o przeciwdzia\u0142aniu przemocy w rodzinie\n<\/li><\/ol>\n\n\n\n<ol class=\"wp-block-list\"><li>\n\t<strong>Je\u017celi\n\tkorzysta Pani\/Pan z us\u0142ugi asystenta rodziny lub z Plac\u00f3wki\n\tWsparcia Dziennego<\/strong>,\n\tto dane s\u0105 przetwarzane na podstawie ustawy z dnia 9 czerwca 2011\n\tr. o wpieraniu rodziny i systemie pieczy zast\u0119pczej.\n<\/li><\/ol>\n\n\n\n<ol class=\"wp-block-list\"><li><strong>Je\u017celi\n\tkorzysta Pani\/Pan z zasi\u0142ku dla opiekuna<\/strong>,\n\tto dane s\u0105 przetwarzane na podstawie ustawy z dnia 4 kwietnia 2014\n\tr. o ustaleniu i wyp\u0142acie zasi\u0142k\u00f3w dla opiekun\u00f3w.\n<\/li><\/ol>\n\n\n\n<p>2.2.\nPonadto w zwi\u0105zku z celami opisanymi w ppkt. 2.1. niniejszej\nklauzuli, dane osobowe przetwarzamy lub mo\u017cemy przetwarza\u0107 r\u00f3wnie\u017c\ndla ochrony interesu publicznego lub prawnego, a w szczeg\u00f3lno\u015bci w\ncelu: ewentualnego ustalenia i dochodzenia roszcze\u0144 lub obrony przed\nroszczeniami, zapobiegania nadu\u017cyciom i oszustwom, w celach\nkontaktowych -na podstawie podstaw prawnych okre\u015blonych w RODO, tj.\nodpowiednio:  <strong>Art.\n6 ust. 1 lit.  e), f) oraz Art. 9 ust. 2 lit. f), g), j)<\/strong><\/p>\n\n\n\n<p>\n2.3.\nDane osobowe b\u0119d\u0105 przechowywane nie d\u0142u\u017cej ni\u017c przez czas\nwynikaj\u0105cy odpowiednio z wy\u017cej wskazanych cel\u00f3w przetwarzania tj.\nprzez okres przyznawania \u015bwiadcze\u0144 oraz trwania post\u0119powa\u0144 z tym,\nokres wynikaj\u0105cy z przepis\u00f3w prawa  w tym zw\u0142aszcza z przepis\u00f3w\ndotycz\u0105cych obowi\u0105zk\u00f3w statystycznych i archiwizacji, oraz okres\nniezb\u0119dny dla realizacji interesu publicznego lub interesu prawnego.<\/p>\n\n\n\n<ol class=\"wp-block-list\"><li>\n\t<strong>\u0179r\u00f3d\u0142o\n\tpozyskiwania  i kategorie danych osobowych<\/strong>\n<\/li><\/ol>\n\n\n\n<p>3.1.\nCo do zasady pozyskujemy dane osobowe dotycz\u0105ce Pa\u0144stwa\n<strong>bezpo\u015brednio<\/strong>\nod Pani\/Pana. \n<\/p>\n\n\n\n<p>Jednak\u017ce\nw zale\u017cno\u015bci od rodzaju \u015bwiadczenia lub sytuacji mo\u017cemy pozyska\u0107\nPani\/Pana dane <strong>w\nspos\u00f3b po\u015bredni<\/strong>,\n(np. od osoby korzystaj\u0105cej\/ubiegaj\u0105cej si\u0119 o \u015bwiadczenie &#8211;  dane\ndotycz\u0105ce cz\u0142onk\u00f3w jego rodziny). Ponadto dane mog\u0105 przekazywa\u0107\nnam uprawnione podmioty takie jak w szczeg\u00f3lno\u015bci: inne publiczne\norgany realizuj\u0105ce pomoc spo\u0142eczn\u0105, organy wymiaru\nsprawiedliwo\u015bci,  nasze organy prowadz\u0105ce oraz sprawuj\u0105ce nadz\u00f3r\nnad nasza jednostk\u0105 oraz Pa\u0144stwa reprezentanci i opiekunowie\nprawni.<\/p>\n\n\n\n<p>3.2.\nW przypadku pozyskania Pani\/Pana danych w spos\u00f3b po\u015bredni w\nzale\u017cno\u015bci od celu przetwarzania, mo\u017cemy przetwarza\u0107 w\nszczeg\u00f3lno\u015bci takie <strong>kategorie\ndanych<\/strong>\njak Pani\/Pana dane identyfikacyjne, adres, dane kontaktowe,\ninformacje niezb\u0119dne dla prowadzenia i rozpatrywania spraw\ndotycz\u0105cych udzielanych \u015bwiadcze\u0144 (np. informacje o Pani\/Pana\nsytuacji \u017cyciowej, rodzinnej i materialnej, informacje o stanie\nzdrowia oraz inne adekwatne dane niezb\u0119dne do realizacji danego celu\nprzetwarzania.<\/p>\n\n\n\n<ol class=\"wp-block-list\"><li>\n\t<strong>Kategorie\n\todbiorc\u00f3w danych osobowych<\/strong>\n<\/li><\/ol>\n\n\n\n<p>\nPani\/Pana\ndane s\u0105 lub mog\u0105 by\u0107 udost\u0119pniane naszym upowa\u017cnionym\npracownikom\/wsp\u00f3\u0142pracownikom, innym stronom post\u0119powa\u0144\nadministracyjnego, podmiotom realizuj\u0105cym obowi\u0105zki prawne i\nzadania publiczne zwi\u0105zane z polityk\u0105 spo\u0142eczn\u0105 pa\u0144stwa, organom\nsprawuj\u0105cym nadz\u00f3r nad nasz\u0105 jednostk\u0105 oraz obs\u0142uguj\u0105cych nas\npodmiotom zewn\u0119trznym (dostawcy system\u00f3w informatycznych, Poczta\nPolska, kurierzy, banki, instytucje p\u0142atnicze, podmioty, kt\u00f3re\n\u015bwiadcz\u0105 nam us\u0142ugi prawne, doradcze, konsultacyjne, audytowe,\nfirmy windykacyjne itp.) oraz innym podmiotom uprawnionym na\npodstawie przepis\u00f3w prawa.<\/p>\n\n\n\n<ol class=\"wp-block-list\"><li>\n\t<strong>Zautomatyzowane\n\tpodejmowanie decyzji i profilowanie<\/strong>\n<\/li><\/ol>\n\n\n\n<p>Pani\/Pana\ndane osobowe mog\u0105 by\u0107 przetwarzane przez nas w spos\u00f3b\nzautomatyzowany np. z u\u017cyciem elektronicznych narz\u0119dzi\newidencjonowania spraw i post\u0119powa\u0144, jednak\u017ce nie b\u0119dziemy\nprofilowa\u0107 tych danych. Ponadto nie b\u0119dzie Pani\/Pan podlega\u0107\nzautomatyzowanej decyzji wywo\u0142uj\u0105cej wobec Pani\/Pana skutk\u00f3w\nprawnych (lub w podobny spos\u00f3b istotnie wp\u0142ywaj\u0105cych).<\/p>\n\n\n\n<ol class=\"wp-block-list\"><li>\n\t<strong>Przekazywanie\n\tdanych osobowych do pa\u0144stwa trzeciego lub organizacji\n\tmi\u0119dzynarodowej<\/strong>\n<\/li><\/ol>\n\n\n\n<p>Pani\/Pana\ndane osobowe nie b\u0119d\u0105 przekazywane do pa\u0144stwa trzeciego lub\norganizacji mi\u0119dzynarodowej (podmioty maj\u0105cy siedzib\u0119 poza\nobszarem Europejskiego Obszaru Gospodarczego).<\/p>\n\n\n\n<ol class=\"wp-block-list\"><li>\n\t<strong>Prawa\n\tos\u00f3b, kt\u00f3rych dane osobowe dotycz\u0105<\/strong>\n<\/li><\/ol>\n\n\n\n<p>7.1.\nPrzys\u0142uguj\u0105 Pani\/Panu nast\u0119puj\u0105ce prawa zgodnie z RODO<\/p>\n\n\n\n<ol class=\"wp-block-list\"><li>\n\tprawo\n\tdost\u0119pu do swoich danych osobowych oraz otrzymania ich kopii;\n\t<\/li><li>\n\tprawo\n\tdo sprostowania (poprawiania) swoich danych osobowych;\n\t<\/li><li>\n\tprawo\n\tdo usuni\u0119cia danych, ograniczenia ich przetwarzania (z\n\tzastrze\u017ceniem sytuacji, gdy przetwarzanie danych nie wynika z\n\tprzepis\u00f3w prawa lub interesu publicznego);\n\t<\/li><li>\n\tprawo\n\tdo wniesienia skargi do Urz\u0119du Ochrony Danych Osobowych (w sytuacji\n\tgdy uzna Pani\/Pan, \u017ce przetwarzanie danych odbywa si\u0119 niezgodnie z\n\tprawem)\n<\/li><\/ol>\n\n\n\n<p>7.2.\nPonadto przys\u0142uguje Pani\/Panu prawo do wniesienia sprzeciwu wobec\nprzetwarzania danych osobowych z przyczyn zwi\u0105zanych z Pani\/Pana\nszczeg\u00f3ln\u0105 sytuacj\u0105, w przypadku gdy podstaw\u0105 przetwarzania jest\nprzes\u0142anka interesu publicznego lub przes\u0142anka interesu prawnego,\nchyba \u017ce istniej\u0105 wa\u017cne prawnie uzasadnione podstawy, kt\u00f3re s\u0105\nnadrz\u0119dne wobec Pa\u0144stwa interes\u00f3w, praw i wolno\u015bci.<\/p>\n\n\n\n<ol class=\"wp-block-list\"><li>\n\t<strong>Informacja\n\tdotycz\u0105ca wymogu podania danych i ewentualnych konsekwencjach ich\n\tniepodania<\/strong>\n<\/li><\/ol>\n\n\n\n<p>Podanie\n danych osobowych jest niezb\u0119dne dla realizacji opisanych wy\u017cej\ncel\u00f3w przetwarzania. Konsekwencj\u0105 odmowy ich podania, b\u0119dzie brak\nmo\u017cliwo\u015bci udzielenia Pani\/Panu wskazanych wy\u017cej \u015bwiadcze\u0144.<\/p>\n","protected":false},"excerpt":{"rendered":"<p>Realizuj\u0105c obowi\u0105zek informacyjny zgodnie z Art. 13 i Art. 14 Rozporz\u0105dzeniem Parlamentu Europejskiego i Rady (UE) 2016\/679 z dnia 27 kwietnia 2016 r. w sprawie ochrony os\u00f3b fizycznych w zwi\u0105zku z przetwarzaniem danych osobowych i w sprawie swobodnego przep\u0142ywu takich danych oraz uchylenia dyrektywy 95\/46\/WE (og\u00f3lne rozporz\u0105dzenie o ochronie danych), zwanym dalej \u201eRODO\u201d, informujemy, \u017ce: [&hellip;]<\/p>\n","protected":false},"author":1,"featured_media":0,"parent":0,"menu_order":0,"comment_status":"closed","ping_status":"closed","template":"","meta":{"footnotes":""},"class_list":["post-1095","page","type-page","status-publish","hentry"],"_links":{"self":[{"href":"http:\/\/www.gopsolesno.pl\/index.php?rest_route=\/wp\/v2\/pages\/1095","targetHints":{"allow":["GET"]}}],"collection":[{"href":"http:\/\/www.gopsolesno.pl\/index.php?rest_route=\/wp\/v2\/pages"}],"about":[{"href":"http:\/\/www.gopsolesno.pl\/index.php?rest_route=\/wp\/v2\/types\/page"}],"author":[{"embeddable":true,"href":"http:\/\/www.gopsolesno.pl\/index.php?rest_route=\/wp\/v2\/users\/1"}],"replies":[{"embeddable":true,"href":"http:\/\/www.gopsolesno.pl\/index.php?rest_route=%2Fwp%2Fv2%2Fcomments&post=1095"}],"version-history":[{"count":2,"href":"http:\/\/www.gopsolesno.pl\/index.php?rest_route=\/wp\/v2\/pages\/1095\/revisions"}],"predecessor-version":[{"id":1098,"href":"http:\/\/www.gopsolesno.pl\/index.php?rest_route=\/wp\/v2\/pages\/1095\/revisions\/1098"}],"wp:attachment":[{"href":"http:\/\/www.gopsolesno.pl\/index.php?rest_route=%2Fwp%2Fv2%2Fmedia&parent=1095"}],"curies":[{"name":"wp","href":"https:\/\/api.w.org\/{rel}","templated":true}]}}