{"id":1123,"date":"2021-08-16T14:11:22","date_gmt":"2021-08-16T12:11:22","guid":{"rendered":"http:\/\/www.gopsolesno.pl\/?page_id=1123"},"modified":"2025-02-12T14:05:40","modified_gmt":"2025-02-12T13:05:40","slug":"pomoc-panstwa-w-zakresie-dozywiania-posilek-w-szkole-i-w-domu","status":"publish","type":"page","link":"http:\/\/www.gopsolesno.pl\/?page_id=1123","title":{"rendered":"Pomoc pa\u0144stwa w zakresie do\u017cywiania\/Posi\u0142ek w szkole i w domu"},"content":{"rendered":"\n<div class=\"wp-block-file\"><a id=\"wp-block-file--media-063a7af5-f0f1-4674-b3c0-d707e3dda033\" href=\"http:\/\/www.gopsolesno.pl\/wp-content\/uploads\/2025\/02\/Posilek-w-szkole-i-w-domu-2025.pdf\">Posi\u0142ek 2025<br><br><\/a><\/div>\n\n\n<p><a href=\"http:\/\/www.gopsolesno.pl\/wp-content\/uploads\/2024\/02\/Posilek-w-szkole-i-w-domu-2024.pdf\">Posi\u0142ek 2024<\/a><\/p>\n\n\n<p class=\"has-small-font-size\"><a href=\"http:\/\/www.gopsolesno.pl\/wpgops\/wp-content\/uploads\/2023\/02\/Posi\u0142ek-w-szkole-i-w-domu2023.pdf\">Posi\u0142ek 2023<\/a><\/p>\n\n\n\n<p><a href=\"http:\/\/www.gopsolesno.pl\/wpgops\/wp-content\/uploads\/2022\/02\/Wieloletni-Rz\u0105dowy-Program-Posi\u0142ek-w-szkole-i-w-domu.pdf\">Posi\u0142ek 2022<\/a><\/p>\n\n\n\n<p><a href=\"http:\/\/www.gopsolesno.pl\/wpgops\/wp-content\/uploads\/2021\/10\/Posi\u0142ek-2021.pdf\">Posi\u0142ek 2021<\/a><\/p>\n\n\n\n<p><a href=\"http:\/\/www.gopsolesno.pl\/wpgops\/wp-content\/uploads\/2021\/08\/Posi\u0142ek-2020.odt.pdf\">Posi\u0142ek 2020<\/a><\/p>\n\n\n\n<p><a href=\"http:\/\/www.gopsolesno.pl\/wpgops\/wp-content\/uploads\/2021\/08\/Posi\u0142ek-2019.odt.pdf\">Posi\u0142ek 2019<\/a><\/p>\n\n\n\n<p><a href=\"http:\/\/www.gopsolesno.pl\/wpgops\/wp-content\/uploads\/2021\/08\/Posi\u0142ek-2018.pdf\">Posi\u0142ek 2018<\/a><\/p>\n\n\n\n<p><a href=\"http:\/\/www.gopsolesno.pl\/wpgops\/wp-content\/uploads\/2021\/08\/Posi\u0142ek-2017.pdf\">Posi\u0142ek 2017<\/a><\/p>\n\n\n\n<p><\/p>\n","protected":false},"excerpt":{"rendered":"<p>Posi\u0142ek 2024 Posi\u0142ek 2023 Posi\u0142ek 2022 Posi\u0142ek 2021 Posi\u0142ek 2020 Posi\u0142ek 2019 Posi\u0142ek 2018 Posi\u0142ek 2017<\/p>\n","protected":false},"author":1,"featured_media":0,"parent":0,"menu_order":0,"comment_status":"closed","ping_status":"closed","template":"","meta":{"footnotes":""},"class_list":["post-1123","page","type-page","status-publish","hentry"],"_links":{"self":[{"href":"http:\/\/www.gopsolesno.pl\/index.php?rest_route=\/wp\/v2\/pages\/1123","targetHints":{"allow":["GET"]}}],"collection":[{"href":"http:\/\/www.gopsolesno.pl\/index.php?rest_route=\/wp\/v2\/pages"}],"about":[{"href":"http:\/\/www.gopsolesno.pl\/index.php?rest_route=\/wp\/v2\/types\/page"}],"author":[{"embeddable":true,"href":"http:\/\/www.gopsolesno.pl\/index.php?rest_route=\/wp\/v2\/users\/1"}],"replies":[{"embeddable":true,"href":"http:\/\/www.gopsolesno.pl\/index.php?rest_route=%2Fwp%2Fv2%2Fcomments&post=1123"}],"version-history":[{"count":11,"href":"http:\/\/www.gopsolesno.pl\/index.php?rest_route=\/wp\/v2\/pages\/1123\/revisions"}],"predecessor-version":[{"id":1851,"href":"http:\/\/www.gopsolesno.pl\/index.php?rest_route=\/wp\/v2\/pages\/1123\/revisions\/1851"}],"wp:attachment":[{"href":"http:\/\/www.gopsolesno.pl\/index.php?rest_route=%2Fwp%2Fv2%2Fmedia&parent=1123"}],"curies":[{"name":"wp","href":"https:\/\/api.w.org\/{rel}","templated":true}]}}