{"id":1191,"date":"2022-01-10T13:07:53","date_gmt":"2022-01-10T12:07:53","guid":{"rendered":"http:\/\/www.gopsolesno.pl\/?page_id=1191"},"modified":"2024-01-19T09:17:20","modified_gmt":"2024-01-19T08:17:20","slug":"dodatek-oslonowy","status":"publish","type":"page","link":"http:\/\/www.gopsolesno.pl\/?page_id=1191","title":{"rendered":"Dodatek Os\u0142onowy &#8211; edycja 2024r."},"content":{"rendered":"<p>Dodatek os\u0142onowy przys\u0142uguje osobie w gospodarstwie domowym jednoosobowym, w kt\u00f3rym wysoko\u015b\u0107 przeci\u0119tnego miesi\u0119cznego dochodu nie przekracza kwoty 2100 z\u0142, oraz osobie w gospodarstwie domowym wieloosobowym, w kt\u00f3rym wysoko\u015b\u0107 przeci\u0119tnego miesi\u0119cznego dochodu nie przekracza kwoty 1500 z\u0142 na osob\u0119.<\/p>\n<p>Dodatek os\u0142onowy przys\u0142uguje osobom za okres od 1 stycznia 2024 r. do 30 czerwca 2024 r. i jest wyp\u0142acany jednorazowo w terminie do 30 czerwca 2024 r.<\/p>\n<p>Wniosek o dodatek nale\u017cy z\u0142o\u017cy\u0107 do 30 kwietnia 2024r.<\/p>\n<p>Wnioski o wyp\u0142at\u0119 dodatku os\u0142onowego z\u0142o\u017cone po 30 kwietnia 2024 r. pozostawia si\u0119 bez rozpoznania.<\/p>\n<p>Wz\u00f3r wniosku pod adresem\u00a0<a href=\"https:\/\/dziennikustaw.gov.pl\/D2024000005901.pdf\">https:\/\/dziennikustaw.gov.pl\/D2024000005901.pdf<\/a><\/p>\n<p>&nbsp;<\/p>\n","protected":false},"excerpt":{"rendered":"<p>Dodatek os\u0142onowy przys\u0142uguje osobie w gospodarstwie domowym jednoosobowym, w kt\u00f3rym wysoko\u015b\u0107 przeci\u0119tnego miesi\u0119cznego dochodu nie przekracza kwoty 2100 z\u0142, oraz osobie w gospodarstwie domowym wieloosobowym, w kt\u00f3rym wysoko\u015b\u0107 przeci\u0119tnego miesi\u0119cznego dochodu nie przekracza kwoty 1500 z\u0142 na osob\u0119. Dodatek os\u0142onowy przys\u0142uguje osobom za okres od 1 stycznia 2024 r. do 30 czerwca 2024 r. i [&hellip;]<\/p>\n","protected":false},"author":1,"featured_media":0,"parent":0,"menu_order":0,"comment_status":"closed","ping_status":"closed","template":"","meta":{"footnotes":""},"class_list":["post-1191","page","type-page","status-publish","hentry"],"_links":{"self":[{"href":"http:\/\/www.gopsolesno.pl\/index.php?rest_route=\/wp\/v2\/pages\/1191","targetHints":{"allow":["GET"]}}],"collection":[{"href":"http:\/\/www.gopsolesno.pl\/index.php?rest_route=\/wp\/v2\/pages"}],"about":[{"href":"http:\/\/www.gopsolesno.pl\/index.php?rest_route=\/wp\/v2\/types\/page"}],"author":[{"embeddable":true,"href":"http:\/\/www.gopsolesno.pl\/index.php?rest_route=\/wp\/v2\/users\/1"}],"replies":[{"embeddable":true,"href":"http:\/\/www.gopsolesno.pl\/index.php?rest_route=%2Fwp%2Fv2%2Fcomments&post=1191"}],"version-history":[{"count":3,"href":"http:\/\/www.gopsolesno.pl\/index.php?rest_route=\/wp\/v2\/pages\/1191\/revisions"}],"predecessor-version":[{"id":1670,"href":"http:\/\/www.gopsolesno.pl\/index.php?rest_route=\/wp\/v2\/pages\/1191\/revisions\/1670"}],"wp:attachment":[{"href":"http:\/\/www.gopsolesno.pl\/index.php?rest_route=%2Fwp%2Fv2%2Fmedia&parent=1191"}],"curies":[{"name":"wp","href":"https:\/\/api.w.org\/{rel}","templated":true}]}}