{"id":121,"date":"2016-09-16T22:47:02","date_gmt":"2016-09-16T20:47:02","guid":{"rendered":"http:\/\/www.gopsolesno.pl\/?page_id=121"},"modified":"2025-02-22T17:03:34","modified_gmt":"2025-02-22T16:03:34","slug":"swiadczenia-rodzinne","status":"publish","type":"page","link":"http:\/\/www.gopsolesno.pl\/?page_id=121","title":{"rendered":"\u015aWIADCZENIA RODZINNE"},"content":{"rendered":"<p><a href=\"https:\/\/www.gov.pl\/web\/rodzina\/wiadczenia-rodzinne\">Informacje dotycz\u0105ce \u015bwiadcze\u0144 rodzinnych<\/a><\/p>\n","protected":false},"excerpt":{"rendered":"<p>Informacje dotycz\u0105ce \u015bwiadcze\u0144 rodzinnych<\/p>\n","protected":false},"author":1,"featured_media":0,"parent":0,"menu_order":0,"comment_status":"closed","ping_status":"closed","template":"","meta":{"footnotes":""},"class_list":["post-121","page","type-page","status-publish","hentry"],"_links":{"self":[{"href":"http:\/\/www.gopsolesno.pl\/index.php?rest_route=\/wp\/v2\/pages\/121","targetHints":{"allow":["GET"]}}],"collection":[{"href":"http:\/\/www.gopsolesno.pl\/index.php?rest_route=\/wp\/v2\/pages"}],"about":[{"href":"http:\/\/www.gopsolesno.pl\/index.php?rest_route=\/wp\/v2\/types\/page"}],"author":[{"embeddable":true,"href":"http:\/\/www.gopsolesno.pl\/index.php?rest_route=\/wp\/v2\/users\/1"}],"replies":[{"embeddable":true,"href":"http:\/\/www.gopsolesno.pl\/index.php?rest_route=%2Fwp%2Fv2%2Fcomments&post=121"}],"version-history":[{"count":3,"href":"http:\/\/www.gopsolesno.pl\/index.php?rest_route=\/wp\/v2\/pages\/121\/revisions"}],"predecessor-version":[{"id":651,"href":"http:\/\/www.gopsolesno.pl\/index.php?rest_route=\/wp\/v2\/pages\/121\/revisions\/651"}],"wp:attachment":[{"href":"http:\/\/www.gopsolesno.pl\/index.php?rest_route=%2Fwp%2Fv2%2Fmedia&parent=121"}],"curies":[{"name":"wp","href":"https:\/\/api.w.org\/{rel}","templated":true}]}}