{"id":1691,"date":"2024-03-27T08:29:12","date_gmt":"2024-03-27T07:29:12","guid":{"rendered":"http:\/\/www.gopsolesno.pl\/?page_id=1691"},"modified":"2024-03-27T08:29:12","modified_gmt":"2024-03-27T07:29:12","slug":"asystent-osobisty-osoby-z-niepelnosprawnoscia-edycja-2024","status":"publish","type":"page","link":"http:\/\/www.gopsolesno.pl\/?page_id=1691","title":{"rendered":"Asystent osobisty osoby z niepe\u0142nosprawno\u015bci\u0105\u201d \u2013 edycja 2024"},"content":{"rendered":"\n<div data-wp-interactive=\"core\/file\" class=\"wp-block-file\"><object data-wp-bind--hidden=\"!state.hasPdfPreview\" hidden class=\"wp-block-file__embed\" data=\"http:\/\/www.gopsolesno.pl\/wp-content\/uploads\/2024\/03\/Asystent-osobisty-osoby-z-niepelnosprawnoscia-\u2013-edycja-2024.pdf\" type=\"application\/pdf\" style=\"width:100%;height:600px\" aria-label=\"Osadzone z Asystent-osobisty-osoby-z-niepelnosprawnoscia-\u2013-edycja-2024.\"><\/object><a id=\"wp-block-file--media-1cb56a1b-8763-4a91-aa64-1d8204266153\" href=\"http:\/\/www.gopsolesno.pl\/wp-content\/uploads\/2024\/03\/Asystent-osobisty-osoby-z-niepelnosprawnoscia-\u2013-edycja-2024.pdf\">Asystent-osobisty-osoby-z-niepelnosprawnoscia-\u2013-edycja-2024<\/a><a href=\"http:\/\/www.gopsolesno.pl\/wp-content\/uploads\/2024\/03\/Asystent-osobisty-osoby-z-niepelnosprawnoscia-\u2013-edycja-2024.pdf\" class=\"wp-block-file__button wp-element-button\" download aria-describedby=\"wp-block-file--media-1cb56a1b-8763-4a91-aa64-1d8204266153\">Pobierz<\/a><\/div>\n","protected":false},"excerpt":{"rendered":"","protected":false},"author":1,"featured_media":0,"parent":0,"menu_order":0,"comment_status":"closed","ping_status":"closed","template":"","meta":{"footnotes":""},"class_list":["post-1691","page","type-page","status-publish","hentry"],"_links":{"self":[{"href":"http:\/\/www.gopsolesno.pl\/index.php?rest_route=\/wp\/v2\/pages\/1691","targetHints":{"allow":["GET"]}}],"collection":[{"href":"http:\/\/www.gopsolesno.pl\/index.php?rest_route=\/wp\/v2\/pages"}],"about":[{"href":"http:\/\/www.gopsolesno.pl\/index.php?rest_route=\/wp\/v2\/types\/page"}],"author":[{"embeddable":true,"href":"http:\/\/www.gopsolesno.pl\/index.php?rest_route=\/wp\/v2\/users\/1"}],"replies":[{"embeddable":true,"href":"http:\/\/www.gopsolesno.pl\/index.php?rest_route=%2Fwp%2Fv2%2Fcomments&post=1691"}],"version-history":[{"count":1,"href":"http:\/\/www.gopsolesno.pl\/index.php?rest_route=\/wp\/v2\/pages\/1691\/revisions"}],"predecessor-version":[{"id":1693,"href":"http:\/\/www.gopsolesno.pl\/index.php?rest_route=\/wp\/v2\/pages\/1691\/revisions\/1693"}],"wp:attachment":[{"href":"http:\/\/www.gopsolesno.pl\/index.php?rest_route=%2Fwp%2Fv2%2Fmedia&parent=1691"}],"curies":[{"name":"wp","href":"https:\/\/api.w.org\/{rel}","templated":true}]}}