{"id":476,"date":"2018-06-18T14:41:27","date_gmt":"2018-06-18T12:41:27","guid":{"rendered":"http:\/\/www.gopsolesno.pl\/?page_id=476"},"modified":"2021-07-29T10:52:13","modified_gmt":"2021-07-29T08:52:13","slug":"swiadczenie-dobry-start","status":"publish","type":"page","link":"http:\/\/www.gopsolesno.pl\/?page_id=476","title":{"rendered":"\u015awiadczenie \u201eDobry Start\u201d"},"content":{"rendered":"<p>Aktualne informacje odno\u015bnie programu &#8222;Dobry Start&#8221; znajduj\u0105 si\u0119 pod adresem:\u00a0<a href=\"https:\/\/www.gov.pl\/web\/rodzina\/dobry-start\/\">https:\/\/www.gov.pl\/web\/rodzina\/dobry-start\/<\/a><\/p>\n","protected":false},"excerpt":{"rendered":"<p>Aktualne informacje odno\u015bnie programu &#8222;Dobry Start&#8221; znajduj\u0105 si\u0119 pod adresem:\u00a0https:\/\/www.gov.pl\/web\/rodzina\/dobry-start\/<\/p>\n","protected":false},"author":1,"featured_media":0,"parent":0,"menu_order":0,"comment_status":"closed","ping_status":"closed","template":"","meta":{"footnotes":""},"class_list":["post-476","page","type-page","status-publish","hentry"],"_links":{"self":[{"href":"http:\/\/www.gopsolesno.pl\/index.php?rest_route=\/wp\/v2\/pages\/476","targetHints":{"allow":["GET"]}}],"collection":[{"href":"http:\/\/www.gopsolesno.pl\/index.php?rest_route=\/wp\/v2\/pages"}],"about":[{"href":"http:\/\/www.gopsolesno.pl\/index.php?rest_route=\/wp\/v2\/types\/page"}],"author":[{"embeddable":true,"href":"http:\/\/www.gopsolesno.pl\/index.php?rest_route=\/wp\/v2\/users\/1"}],"replies":[{"embeddable":true,"href":"http:\/\/www.gopsolesno.pl\/index.php?rest_route=%2Fwp%2Fv2%2Fcomments&post=476"}],"version-history":[{"count":5,"href":"http:\/\/www.gopsolesno.pl\/index.php?rest_route=\/wp\/v2\/pages\/476\/revisions"}],"predecessor-version":[{"id":1093,"href":"http:\/\/www.gopsolesno.pl\/index.php?rest_route=\/wp\/v2\/pages\/476\/revisions\/1093"}],"wp:attachment":[{"href":"http:\/\/www.gopsolesno.pl\/index.php?rest_route=%2Fwp%2Fv2%2Fmedia&parent=476"}],"curies":[{"name":"wp","href":"https:\/\/api.w.org\/{rel}","templated":true}]}}