{"id":687,"date":"2020-09-21T15:01:56","date_gmt":"2020-09-21T13:01:56","guid":{"rendered":"http:\/\/www.gopsolesno.pl\/?page_id=687"},"modified":"2024-08-14T08:28:06","modified_gmt":"2024-08-14T06:28:06","slug":"deklaracja-dostepnosci","status":"publish","type":"page","link":"http:\/\/www.gopsolesno.pl\/?page_id=687","title":{"rendered":"Deklaracja Dost\u0119pno\u015bci"},"content":{"rendered":"\n<h2 class=\"wp-block-heading\" id=\"\u201da11y-deklaracja\u201d\">Deklaracja dost\u0119pno\u015bci<\/h2>\n\n\n\n<p><strong>Deklaracja dost\u0119pno\u015bci serwisu Gminnego O\u015brodka Pomocy Spo\u0142ecznej w Ole\u015bnie<\/strong><\/p>\n\n\n\n<h3 class=\"wp-block-heading\" id=\"\u201da11y-wstep\u201d\">Wst\u0119p Deklaracji<\/h3>\n\n\n\n<p><span id=\"\u201ea11y-podmiot\u201d\">Gminny O\u015brodek Pomocy Spo\u0142ecznej w Ole\u015bnie<\/span> zobowi\u0105zuje si\u0119 zapewni\u0107 dost\u0119pno\u015b\u0107 swojej strony internetowej zgodnie z ustaw\u0105 z dnia 4 kwietnia 2019 r. o dost\u0119pno\u015bci cyfrowej stron internetowych i aplikacji mobilnych podmiot\u00f3w publicznych. O\u015bwiadczenie w sprawie dost\u0119pno\u015bci ma zastosowanie do <a id=\"\u201da11y-url\u201d\" href=\"http:\/\/www.gopsolesno.pl\/\">serwisu internetowego Gminnego O\u015brodka Pomocy Spo\u0142ecznej w Ole\u015bnie.<\/a><\/p>\n\n\n\n<p>Data publikacji strony internetowej: <span id=\"\u201da11y-data-publikacja\u201d\">2004-03-26<\/span><\/p>\n\n\n\n<p>Data ostatniej istotnej aktualizacji: <span id=\"\u201da11y-data-aktualizacja\u201d\">2021-07-21<\/span><\/p>\n\n\n\n<p>Strona internetowa jest <span id=\"\u201da11y-status\u201d\">zgodna<\/span> z ustaw\u0105 o dost\u0119pno\u015bci cyfrowej stron internetowych i aplikacji mobilnych podmiot\u00f3w publicznych.<\/p>\n\n\n\n<p>O\u015bwiadczenie sporz\u0105dzono dnia : <span id=\"\u201da11y-data-sporzadzenie\u201d\">2021-07-21<\/span>. Deklaracj\u0119 sporz\u0105dzono na podstawie samooceny przeprowadzonej przez podmiot publiczny.\n\n\n\n<h3 class=\"wp-block-heading\" id=\"\u201da11y-kontakt\u201d\">Informacje zwrotne i dane kontaktowe<\/h3>\n\n\n\n<p>W przypadku problem\u00f3w z dost\u0119pno\u015bci\u0105 strony internetowej prosimy o kontakt. Osob\u0105 odpowiedzialn\u0105 jest <span id=\"\u201da11y-osoba\u201d\">Damian Wajda<\/span>, adres poczty elektronicznej <span id=\"\u201da11y-email\u201d\"><a href=\"mailto:gops.olesno@poczta.internetdsl.pl\">gops@gopsolesno.pl<\/a><\/span>, telefon: <span id=\"a11y-telefon\">146411082<\/span>. T\u0105 sam\u0105 drog\u0105 mo\u017cna sk\u0142ada\u0107 wnioski o udost\u0119pnienie informacji niedost\u0119pnej oraz sk\u0142ada\u0107 skargi na brak zapewnienia dost\u0119pno\u015bci.<\/p>\n\n\n\n<p>Ka\u017cdy ma prawo do wyst\u0105pienia z \u017c\u0105daniem zapewnienia dost\u0119pno\u015bci cyfrowej strony internetowej, aplikacji mobilnej lub jakiego\u015b ich elementu. Mo\u017cna tak\u017ce za\u017c\u0105da\u0107 udost\u0119pnienia informacji w formach alternatywnych, na przyk\u0142ad odczytanie niedost\u0119pnego cyfrowo dokumentu, opisania zawarto\u015bci filmu bez audiodeskrypcji itp. \u017b\u0105danie powinno zawiera\u0107 dane osoby zg\u0142aszaj\u0105cej \u017c\u0105danie, wskazanie, o kt\u00f3r\u0105 stron\u0119 internetow\u0105 lub aplikacj\u0119 mobiln\u0105 chodzi oraz spos\u00f3b kontaktu. Je\u017celi osoba \u017c\u0105daj\u0105ca zg\u0142asza potrzeb\u0119 otrzymania informacji w formie alternatywnej, powinna tak\u017ce okre\u015bli\u0107 form\u0119 tej informacji.<\/p>\n\n\n\n<p>Podmiot publiczny powinien zrealizowa\u0107 \u017c\u0105danie niezw\u0142ocznie i nie p\u00f3\u017aniej, ni\u017c w ci\u0105gu 7 dni. Je\u017celi dotrzymanie tego terminu nie jest mo\u017cliwe, podmiot publiczny niezw\u0142ocznie informuje o tym, kiedy realizacja \u017c\u0105dania b\u0119dzie mo\u017cliwa, przy czym termin ten nie mo\u017ce by\u0107 d\u0142u\u017cszy ni\u017c 2 miesi\u0105ce. Je\u017celi zapewnienie dost\u0119pno\u015bci nie jest mo\u017cliwe, podmiot publiczny mo\u017ce zaproponowa\u0107 alternatywny spos\u00f3b dost\u0119pu do informacji.<\/p>\n\n\n\n<p>W przypadku, gdy podmiot odm\u00f3wi realizacji \u017c\u0105dania zapewnienia dost\u0119pno\u015bci lub alternatywnego dost\u0119pu do informacji, mo\u017cna z\u0142o\u017cy\u0107 skarg\u0119 na takie dzia\u0142anie.<\/p>\n\n\n\n<p>Po wyczerpaniu wszystkich mo\u017cliwo\u015bci skarg\u0119 mo\u017cna przes\u0142a\u0107 tak\u017ce do <a href=\"https:\/\/www.rpo.gov.pl\/content\/jak-zglosic-sie-do-rzecznika-praw-obywatelskich\">Rzecznika Praw Obywatelskich <\/a>.<\/p>\n\n\n\n<h3 class=\"wp-block-heading\" id=\"\u201da11y-architektura\u201d\">Dost\u0119pno\u015b\u0107 architektoniczna<\/h3>\n\n\n\n<p>Adres Siedziby: ul. D\u0142uga 18, 33-210 Olesno<\/p>\n\n\n\n<ul class=\"wp-block-list\">\n<li>Do budynku prowadzi 1 wej\u015bcie od ul. D\u0142ugiej.<\/li>\n\n\n\n<li><a href=\"http:\/\/www.gopsolesno.pl\/wpgops\/wp-content\/uploads\/2020\/09\/Raport-o-stanie-zapewnienia-dost\u0119pno\u015bci-podmiotu-publicznego.pdf\">Raport o stanie zapewnienia dost\u0119pno\u015bci podmiotu publicznego<\/a><\/li>\n<\/ul>\n","protected":false},"excerpt":{"rendered":"<p>Deklaracja dost\u0119pno\u015bci Deklaracja dost\u0119pno\u015bci serwisu Gminnego O\u015brodka Pomocy Spo\u0142ecznej w Ole\u015bnie Wst\u0119p Deklaracji Gminny O\u015brodek Pomocy Spo\u0142ecznej w Ole\u015bnie zobowi\u0105zuje si\u0119 zapewni\u0107 dost\u0119pno\u015b\u0107 swojej strony internetowej zgodnie z ustaw\u0105 z dnia 4 kwietnia 2019 r. o dost\u0119pno\u015bci cyfrowej stron internetowych i aplikacji mobilnych podmiot\u00f3w publicznych. O\u015bwiadczenie w sprawie dost\u0119pno\u015bci ma zastosowanie do serwisu internetowego Gminnego [&hellip;]<\/p>\n","protected":false},"author":1,"featured_media":0,"parent":0,"menu_order":0,"comment_status":"closed","ping_status":"closed","template":"","meta":{"footnotes":""},"class_list":["post-687","page","type-page","status-publish","hentry"],"_links":{"self":[{"href":"http:\/\/www.gopsolesno.pl\/index.php?rest_route=\/wp\/v2\/pages\/687","targetHints":{"allow":["GET"]}}],"collection":[{"href":"http:\/\/www.gopsolesno.pl\/index.php?rest_route=\/wp\/v2\/pages"}],"about":[{"href":"http:\/\/www.gopsolesno.pl\/index.php?rest_route=\/wp\/v2\/types\/page"}],"author":[{"embeddable":true,"href":"http:\/\/www.gopsolesno.pl\/index.php?rest_route=\/wp\/v2\/users\/1"}],"replies":[{"embeddable":true,"href":"http:\/\/www.gopsolesno.pl\/index.php?rest_route=%2Fwp%2Fv2%2Fcomments&post=687"}],"version-history":[{"count":6,"href":"http:\/\/www.gopsolesno.pl\/index.php?rest_route=\/wp\/v2\/pages\/687\/revisions"}],"predecessor-version":[{"id":1727,"href":"http:\/\/www.gopsolesno.pl\/index.php?rest_route=\/wp\/v2\/pages\/687\/revisions\/1727"}],"wp:attachment":[{"href":"http:\/\/www.gopsolesno.pl\/index.php?rest_route=%2Fwp%2Fv2%2Fmedia&parent=687"}],"curies":[{"name":"wp","href":"https:\/\/api.w.org\/{rel}","templated":true}]}}