{"id":88,"date":"2016-09-16T22:37:56","date_gmt":"2016-09-16T20:37:56","guid":{"rendered":"http:\/\/www.gopsolesno.pl\/?page_id=88"},"modified":"2025-02-05T12:07:48","modified_gmt":"2025-02-05T11:07:48","slug":"pomoc-spoleczna","status":"publish","type":"page","link":"http:\/\/www.gopsolesno.pl\/?page_id=88","title":{"rendered":"POMOC SPO\u0141ECZNA"},"content":{"rendered":"\n<div class=\"wp-block-file\"><a id=\"wp-block-file--media-a4720c8a-6eba-48d0-8d04-39dc3eae1b2e\" href=\"http:\/\/www.gopsolesno.pl\/wp-content\/uploads\/2024\/12\/Gminna-Strategia-Rozwiazywania-Problemow-Spiolecznych-Gminy-Olesno-na-lata-2021-2026.pdf\">Gminna Strategia Rozwi\u0105zywania Problem\u00f3w Spio\u0142ecznych Gminy Olesno na lata 2021-2026<\/a><a href=\"http:\/\/www.gopsolesno.pl\/wp-content\/uploads\/2024\/12\/Gminna-Strategia-Rozwiazywania-Problemow-Spiolecznych-Gminy-Olesno-na-lata-2021-2026.pdf\" class=\"wp-block-file__button wp-element-button\" download aria-describedby=\"wp-block-file--media-a4720c8a-6eba-48d0-8d04-39dc3eae1b2e\">Pobierz<\/a><\/div>\n\n\n\n<p><\/p>\n","protected":false},"excerpt":{"rendered":"","protected":false},"author":1,"featured_media":0,"parent":0,"menu_order":0,"comment_status":"closed","ping_status":"closed","template":"","meta":{"footnotes":""},"class_list":["post-88","page","type-page","status-publish","hentry"],"_links":{"self":[{"href":"http:\/\/www.gopsolesno.pl\/index.php?rest_route=\/wp\/v2\/pages\/88","targetHints":{"allow":["GET"]}}],"collection":[{"href":"http:\/\/www.gopsolesno.pl\/index.php?rest_route=\/wp\/v2\/pages"}],"about":[{"href":"http:\/\/www.gopsolesno.pl\/index.php?rest_route=\/wp\/v2\/types\/page"}],"author":[{"embeddable":true,"href":"http:\/\/www.gopsolesno.pl\/index.php?rest_route=\/wp\/v2\/users\/1"}],"replies":[{"embeddable":true,"href":"http:\/\/www.gopsolesno.pl\/index.php?rest_route=%2Fwp%2Fv2%2Fcomments&post=88"}],"version-history":[{"count":6,"href":"http:\/\/www.gopsolesno.pl\/index.php?rest_route=\/wp\/v2\/pages\/88\/revisions"}],"predecessor-version":[{"id":1824,"href":"http:\/\/www.gopsolesno.pl\/index.php?rest_route=\/wp\/v2\/pages\/88\/revisions\/1824"}],"wp:attachment":[{"href":"http:\/\/www.gopsolesno.pl\/index.php?rest_route=%2Fwp%2Fv2%2Fmedia&parent=88"}],"curies":[{"name":"wp","href":"https:\/\/api.w.org\/{rel}","templated":true}]}}